{"id":32071,"date":"2023-01-19T14:32:11","date_gmt":"2023-01-19T12:32:11","guid":{"rendered":"https:\/\/descargar.app\/?page_id=32071"},"modified":"2025-09-09T23:31:38","modified_gmt":"2025-09-09T21:31:38","slug":"argetina-editar","status":"publish","type":"page","link":"https:\/\/descargar.app\/arg\/","title":{"rendered":"Mejores Aplicaciones de Apuestas en Argentina"},"content":{"rendered":"<h2>mejores APPS de las casas de apuestas<\/h2>\n<h2>Disponibles en Argentina<\/h2>\n<p>Jug\u00e1 desde tu dispositivo m\u00f3vil con las mejores <strong>Apps de Apuestas Deportivas y juegos de Casino<\/strong> disponibles para usuarios argentinos. Las grandes casas disponibles en el pa\u00eds ofrecen grandes servicios para que puedas <strong>divertirte en cualquier momento y cualquier lugar<\/strong>. Recuerda hacerlo con <strong>responsabilidad<\/strong> y cumplir con la <strong>mayor\u00eda de edad (+18)<\/strong>.<\/p>\n<p>\t\t\t\t\t\t\t<a href=\"https:\/\/recor.to\/bet365ars\"><br \/>\n\t\t\t\t\t1\u00ba<br \/>\n\t\t\t\t<\/a><\/p>\n<p><b>Bet365 App<\/b><\/p>\n<p><b>Bet365\u00a0<\/b>es sin dudas una de las <strong>plataformas l\u00edder en el mundo<\/strong> en lo referido a apuestas en l\u00ednea y juegos de casino. Esta operadora cuenta con una <strong>excelente aplicaci\u00f3n m\u00f3vil para los principales sistemas operativos<\/strong>.<\/p>\n<p>\t\t\t\t\t\t\t\t\t\t\t\t\t\t\t\t<a href=\"https:\/\/recor.to\/bet365ars\"><br \/>\n\t\t\t\t\t\t\t<img decoding=\"async\" width=\"156\" height=\"54\" src=\"https:\/\/descargar.app\/wp-content\/uploads\/2019\/04\/1available.png\" alt=\"\" \/>\t\t\t\t\t\t\t\t<\/a><br \/>\n\t\t\t\t\t\t\t\t\t\t\t\t\t\t\t\t<a href=\"https:\/\/recor.to\/bet365ars\"><br \/>\n\t\t\t\t\t\t\t<img decoding=\"async\" width=\"164\" height=\"51\" src=\"https:\/\/descargar.app\/wp-content\/uploads\/2019\/04\/1available2.png\" alt=\"\" \/>\t\t\t\t\t\t\t\t<\/a><\/p>\n<p style=\"text-align: center;\"><strong>+ Informaci\u00f3n de Bet365<\/strong><\/p>\n<p>\t\t\t\t\t\t\t<a href=\"https:\/\/recor.to\/coderearg\"><br \/>\n\t\t\t\t\t2\u00ba<br \/>\n\t\t\t\t<\/a><\/p>\n<p><b>Codere App<\/b><\/p>\n<p>Otro gigante del mercado est\u00e1 <strong>disponible para jugar desde el tel\u00e9fono celular o cualquier dispositivo m\u00f3vil<\/strong>. Encontrar\u00e1s la versi\u00f3n para <strong>Android e iOS<\/strong> en las respectivas tiendas.<\/p>\n<p>\t\t\t\t\t\t\t\t\t\t\t\t\t\t\t\t<a href=\"https:\/\/recor.to\/coderearg\"><br \/>\n\t\t\t\t\t\t\t<img decoding=\"async\" width=\"156\" height=\"54\" src=\"https:\/\/descargar.app\/wp-content\/uploads\/2019\/04\/1available.png\" alt=\"\" \/>\t\t\t\t\t\t\t\t<\/a><br \/>\n\t\t\t\t\t\t\t\t\t\t\t\t\t\t\t\t<a href=\"https:\/\/recor.to\/coderearg\"><br \/>\n\t\t\t\t\t\t\t<img decoding=\"async\" width=\"164\" height=\"51\" src=\"https:\/\/descargar.app\/wp-content\/uploads\/2019\/04\/1available2.png\" alt=\"\" \/>\t\t\t\t\t\t\t\t<\/a><\/p>\n<p style=\"text-align: center;\"><a style=\"color: #000000;\" href=\"https:\/\/descargar.app\/arg\/codere-descargar-app-android-apk\/\"><strong>+ Informaci\u00f3n de Codere<\/strong><\/a><\/p>\n<p>\u00a0<br \/>\n\t\t\t\t\t\t\t<a href=\"https:\/\/recor.to\/betssonar\"><br \/>\n\t\t\t\t\t3\u00ba<br \/>\n\t\t\t\t<\/a><\/p>\n<p><strong>Betsson App<\/strong><\/p>\n<p><strong>Betsson<\/strong>, el gigante sueco de las apuestas tambi\u00e9n lleg\u00f3 a las tiendas m\u00f3viles para estar al alcance de tu mano. Encontrar\u00e1s el <strong>instructivo necesario<\/strong> para descargar e instalar la aplicaci\u00f3n. <strong>\u00a1Descarga la versi\u00f3n que necesites!<\/strong><\/p>\n<p>\t\t\t\t\t\t\t\t\t\t\t\t\t\t\t\t<a href=\"https:\/\/recor.to\/betssonar\"><br \/>\n\t\t\t\t\t\t\t<img decoding=\"async\" width=\"156\" height=\"54\" src=\"https:\/\/descargar.app\/wp-content\/uploads\/2019\/04\/1available.png\" alt=\"\" \/>\t\t\t\t\t\t\t\t<\/a><br \/>\n\t\t\t\t\t\t\t\t\t\t\t\t\t\t\t\t<a href=\"https:\/\/recor.to\/betssonar\"><br \/>\n\t\t\t\t\t\t\t<img decoding=\"async\" width=\"164\" height=\"51\" src=\"https:\/\/descargar.app\/wp-content\/uploads\/2019\/04\/1available2.png\" alt=\"\" \/>\t\t\t\t\t\t\t\t<\/a><\/p>\n<p style=\"text-align: center;\"><strong>+ Informaci\u00f3n de Betsson<\/strong><\/p>\n<p>\u00a0<br \/>\n\t\t\t\t\t\t\t<a href=\"https:\/\/recor.to\/betanoar\"><br \/>\n\t\t\t\t\t4\u00ba<br \/>\n\t\t\t\t<\/a><\/p>\n<p><b>Betano App<\/b><\/p>\n<p>Una de las casas <strong>m\u00e1s populares<\/strong> actualmente en Argentina. En ella encontrar\u00e1s todo del deporte local e internacional, adem\u00e1s de los mejores juegos de Casino Online. Su versi\u00f3n mobile es sumamente \u00e1gil y recomendable. <strong>\u00a1Prob\u00e1la y jug\u00e1 desde tu celular!<\/strong><\/p>\n<p>\t\t\t\t\t\t\t\t\t\t\t\t\t\t\t\t<a href=\"https:\/\/recor.to\/betanoar\"><br \/>\n\t\t\t\t\t\t\t<img decoding=\"async\" width=\"156\" height=\"54\" src=\"https:\/\/descargar.app\/wp-content\/uploads\/2019\/04\/1available.png\" alt=\"\" \/>\t\t\t\t\t\t\t\t<\/a><br \/>\n\t\t\t\t\t\t\t\t\t\t\t\t\t\t\t\t<a href=\"https:\/\/recor.to\/betanoar\"><br \/>\n\t\t\t\t\t\t\t<img decoding=\"async\" width=\"164\" height=\"51\" src=\"https:\/\/descargar.app\/wp-content\/uploads\/2019\/04\/1available2.png\" alt=\"\" \/>\t\t\t\t\t\t\t\t<\/a><\/p>\n<p style=\"text-align: center;\"><strong>+ Informaci\u00f3n de TrustDice<\/strong><\/p>\n<p>\u00a0<br \/>\n\t\t\t\t\t\t\t<a href=\"https:\/\/recor.to\/betwarriorar\"><br \/>\n\t\t\t\t\t5\u00ba<br \/>\n\t\t\t\t<\/a><\/p>\n<p><b>Betwarrior App<\/b><\/p>\n<p data-start=\"0\" data-end=\"616\"><strong>Betwarrior<\/strong> es una de las casas de apuestas online m\u00e1s completas que pod\u00e9s encontrar en Argentina. Con una <strong>plataforma moderna, f\u00e1cil de usar y 100% legal<\/strong>, te permite apostar en deportes, casino en vivo y juegos de slots desde cualquier lugar. Una de sus grandes ventajas es su versi\u00f3n mobile: la app est\u00e1 pensada para que juegues desde el celular de manera <strong>r\u00e1pida, segura y sin complicaciones<\/strong>.\u00a0<\/p>\n<p>\t\t\t\t\t\t\t\t\t\t\t\t\t\t\t\t<a href=\"https:\/\/recor.to\/betwarriorar\"><br \/>\n\t\t\t\t\t\t\t<img decoding=\"async\" width=\"156\" height=\"54\" src=\"https:\/\/descargar.app\/wp-content\/uploads\/2019\/04\/1available.png\" alt=\"\" \/>\t\t\t\t\t\t\t\t<\/a><br \/>\n\t\t\t\t\t\t\t\t\t\t\t\t\t\t\t\t<a href=\"https:\/\/recor.to\/betwarriorar\"><br \/>\n\t\t\t\t\t\t\t<img decoding=\"async\" width=\"164\" height=\"51\" src=\"https:\/\/descargar.app\/wp-content\/uploads\/2019\/04\/1available2.png\" alt=\"\" \/>\t\t\t\t\t\t\t\t<\/a><\/p>\n<p style=\"text-align: center;\"><strong>+ Informaci\u00f3n de 22Bet<\/strong><\/p>\n<p>\u00a0<\/p>\n","protected":false},"excerpt":{"rendered":"<p>mejores APPS de las casas de apuestas Disponibles en Argentina Jug\u00e1 desde tu dispositivo m\u00f3vil con las mejores Apps de Apuestas Deportivas y juegos de Casino disponibles para usuarios argentinos. Las grandes casas disponibles en el pa\u00eds ofrecen grandes servicios para que puedas divertirte en cualquier momento y cualquier lugar. Recuerda hacerlo con responsabilidad y &#8230; <a title=\"Mejores Aplicaciones de Apuestas en Argentina\" class=\"read-more\" href=\"https:\/\/descargar.app\/arg\/\" aria-label=\"Leer m\u00e1s sobre Mejores Aplicaciones de Apuestas en Argentina\">Leer m\u00e1s<\/a><\/p>\n","protected":false},"author":1,"featured_media":0,"parent":0,"menu_order":0,"comment_status":"closed","ping_status":"closed","template":"","meta":{"_uag_custom_page_level_css":"","generate_page_header":"","footnotes":""},"class_list":["post-32071","page","type-page","status-publish"],"yoast_head":"<!-- This site is optimized with the Yoast SEO Premium plugin v27.1 (Yoast SEO v27.3) - https:\/\/yoast.com\/product\/yoast-seo-premium-wordpress\/ -->\n<title>Mejores Aplicaciones de Apuestas en Argentina - Descargar App<\/title>\n<meta name=\"robots\" content=\"index, follow, max-snippet:-1, max-image-preview:large, max-video-preview:-1\" \/>\n<link rel=\"canonical\" href=\"https:\/\/descargar.app\/arg\/argetina-editar\/\" \/>\n<meta property=\"og:locale\" content=\"es_ES\" \/>\n<meta property=\"og:type\" content=\"article\" \/>\n<meta property=\"og:title\" content=\"Mejores Aplicaciones de Apuestas en Argentina\" \/>\n<meta property=\"og:description\" content=\"mejores APPS de las casas de apuestas Disponibles en Argentina Jug\u00e1 desde tu dispositivo m\u00f3vil con las mejores Apps de Apuestas Deportivas y juegos de Casino disponibles para usuarios argentinos. Las grandes casas disponibles en el pa\u00eds ofrecen grandes servicios para que puedas divertirte en cualquier momento y cualquier lugar. Recuerda hacerlo con responsabilidad y ... Leer m\u00e1s\" \/>\n<meta property=\"og:url\" content=\"https:\/\/descargar.app\/arg\/argetina-editar\/\" \/>\n<meta property=\"og:site_name\" content=\"Descargar App\" \/>\n<meta property=\"article:modified_time\" content=\"2025-09-09T21:31:38+00:00\" \/>\n<meta property=\"og:image\" content=\"https:\/\/descargar.app\/wp-content\/uploads\/2019\/04\/1available.png\" \/>\n\t<meta property=\"og:image:width\" content=\"156\" \/>\n\t<meta property=\"og:image:height\" content=\"54\" \/>\n\t<meta property=\"og:image:type\" content=\"image\/png\" \/>\n<meta name=\"twitter:card\" content=\"summary_large_image\" \/>\n<meta name=\"twitter:label1\" content=\"Tiempo de lectura\" \/>\n\t<meta name=\"twitter:data1\" content=\"5 minutos\" \/>\n<script type=\"application\/ld+json\" class=\"yoast-schema-graph\">{\"@context\":\"https:\\\/\\\/schema.org\",\"@graph\":[{\"@type\":\"WebPage\",\"@id\":\"https:\\\/\\\/descargar.app\\\/arg\\\/argetina-editar\\\/\",\"url\":\"https:\\\/\\\/descargar.app\\\/arg\\\/argetina-editar\\\/\",\"name\":\"Mejores Aplicaciones de Apuestas en Argentina - Descargar App\",\"isPartOf\":{\"@id\":\"https:\\\/\\\/descargar.app\\\/#website\"},\"primaryImageOfPage\":{\"@id\":\"https:\\\/\\\/descargar.app\\\/arg\\\/argetina-editar\\\/#primaryimage\"},\"image\":{\"@id\":\"https:\\\/\\\/descargar.app\\\/arg\\\/argetina-editar\\\/#primaryimage\"},\"thumbnailUrl\":\"https:\\\/\\\/descargar.app\\\/wp-content\\\/uploads\\\/2019\\\/04\\\/1available.png\",\"datePublished\":\"2023-01-19T12:32:11+00:00\",\"dateModified\":\"2025-09-09T21:31:38+00:00\",\"breadcrumb\":{\"@id\":\"https:\\\/\\\/descargar.app\\\/arg\\\/argetina-editar\\\/#breadcrumb\"},\"inLanguage\":\"es-AR\",\"potentialAction\":[{\"@type\":\"ReadAction\",\"target\":[\"https:\\\/\\\/descargar.app\\\/arg\\\/argetina-editar\\\/\"]}]},{\"@type\":\"ImageObject\",\"inLanguage\":\"es-AR\",\"@id\":\"https:\\\/\\\/descargar.app\\\/arg\\\/argetina-editar\\\/#primaryimage\",\"url\":\"https:\\\/\\\/descargar.app\\\/wp-content\\\/uploads\\\/2019\\\/04\\\/1available.png\",\"contentUrl\":\"https:\\\/\\\/descargar.app\\\/wp-content\\\/uploads\\\/2019\\\/04\\\/1available.png\"},{\"@type\":\"BreadcrumbList\",\"@id\":\"https:\\\/\\\/descargar.app\\\/arg\\\/argetina-editar\\\/#breadcrumb\",\"itemListElement\":[{\"@type\":\"ListItem\",\"position\":1,\"name\":\"Portada\",\"item\":\"https:\\\/\\\/descargar.app\\\/arg\\\/argetina-editar\\\/\"},{\"@type\":\"ListItem\",\"position\":2,\"name\":\"Mejores Aplicaciones de Apuestas en Argentina\"}]},{\"@type\":\"WebSite\",\"@id\":\"https:\\\/\\\/descargar.app\\\/#website\",\"url\":\"https:\\\/\\\/descargar.app\\\/\",\"name\":\"Descargar App\",\"description\":\"\",\"publisher\":{\"@id\":\"https:\\\/\\\/descargar.app\\\/#organization\"},\"potentialAction\":[{\"@type\":\"SearchAction\",\"target\":{\"@type\":\"EntryPoint\",\"urlTemplate\":\"https:\\\/\\\/descargar.app\\\/?s={search_term_string}\"},\"query-input\":{\"@type\":\"PropertyValueSpecification\",\"valueRequired\":true,\"valueName\":\"search_term_string\"}}],\"inLanguage\":\"es-AR\"},{\"@type\":\"Organization\",\"@id\":\"https:\\\/\\\/descargar.app\\\/#organization\",\"name\":\"Descargar App\",\"url\":\"https:\\\/\\\/descargar.app\\\/\",\"logo\":{\"@type\":\"ImageObject\",\"inLanguage\":\"es-AR\",\"@id\":\"https:\\\/\\\/descargar.app\\\/#\\\/schema\\\/logo\\\/image\\\/\",\"url\":\"https:\\\/\\\/descargar.app\\\/wp-content\\\/uploads\\\/2019\\\/03\\\/logo-descargarapphome-1.png\",\"contentUrl\":\"https:\\\/\\\/descargar.app\\\/wp-content\\\/uploads\\\/2019\\\/03\\\/logo-descargarapphome-1.png\",\"width\":350,\"height\":70,\"caption\":\"Descargar App\"},\"image\":{\"@id\":\"https:\\\/\\\/descargar.app\\\/#\\\/schema\\\/logo\\\/image\\\/\"}}]}<\/script>\n<!-- \/ Yoast SEO Premium plugin. -->","yoast_head_json":{"title":"Mejores Aplicaciones de Apuestas en Argentina - Descargar App","robots":{"index":"index","follow":"follow","max-snippet":"max-snippet:-1","max-image-preview":"max-image-preview:large","max-video-preview":"max-video-preview:-1"},"canonical":"https:\/\/descargar.app\/arg\/argetina-editar\/","og_locale":"es_ES","og_type":"article","og_title":"Mejores Aplicaciones de Apuestas en Argentina","og_description":"mejores APPS de las casas de apuestas Disponibles en Argentina Jug\u00e1 desde tu dispositivo m\u00f3vil con las mejores Apps de Apuestas Deportivas y juegos de Casino disponibles para usuarios argentinos. Las grandes casas disponibles en el pa\u00eds ofrecen grandes servicios para que puedas divertirte en cualquier momento y cualquier lugar. Recuerda hacerlo con responsabilidad y ... Leer m\u00e1s","og_url":"https:\/\/descargar.app\/arg\/argetina-editar\/","og_site_name":"Descargar App","article_modified_time":"2025-09-09T21:31:38+00:00","og_image":[{"width":156,"height":54,"url":"https:\/\/descargar.app\/wp-content\/uploads\/2019\/04\/1available.png","type":"image\/png"}],"twitter_card":"summary_large_image","twitter_misc":{"Tiempo de lectura":"5 minutos"},"schema":{"@context":"https:\/\/schema.org","@graph":[{"@type":"WebPage","@id":"https:\/\/descargar.app\/arg\/argetina-editar\/","url":"https:\/\/descargar.app\/arg\/argetina-editar\/","name":"Mejores Aplicaciones de Apuestas en Argentina - Descargar App","isPartOf":{"@id":"https:\/\/descargar.app\/#website"},"primaryImageOfPage":{"@id":"https:\/\/descargar.app\/arg\/argetina-editar\/#primaryimage"},"image":{"@id":"https:\/\/descargar.app\/arg\/argetina-editar\/#primaryimage"},"thumbnailUrl":"https:\/\/descargar.app\/wp-content\/uploads\/2019\/04\/1available.png","datePublished":"2023-01-19T12:32:11+00:00","dateModified":"2025-09-09T21:31:38+00:00","breadcrumb":{"@id":"https:\/\/descargar.app\/arg\/argetina-editar\/#breadcrumb"},"inLanguage":"es-AR","potentialAction":[{"@type":"ReadAction","target":["https:\/\/descargar.app\/arg\/argetina-editar\/"]}]},{"@type":"ImageObject","inLanguage":"es-AR","@id":"https:\/\/descargar.app\/arg\/argetina-editar\/#primaryimage","url":"https:\/\/descargar.app\/wp-content\/uploads\/2019\/04\/1available.png","contentUrl":"https:\/\/descargar.app\/wp-content\/uploads\/2019\/04\/1available.png"},{"@type":"BreadcrumbList","@id":"https:\/\/descargar.app\/arg\/argetina-editar\/#breadcrumb","itemListElement":[{"@type":"ListItem","position":1,"name":"Portada","item":"https:\/\/descargar.app\/arg\/argetina-editar\/"},{"@type":"ListItem","position":2,"name":"Mejores Aplicaciones de Apuestas en Argentina"}]},{"@type":"WebSite","@id":"https:\/\/descargar.app\/#website","url":"https:\/\/descargar.app\/","name":"Descargar App","description":"","publisher":{"@id":"https:\/\/descargar.app\/#organization"},"potentialAction":[{"@type":"SearchAction","target":{"@type":"EntryPoint","urlTemplate":"https:\/\/descargar.app\/?s={search_term_string}"},"query-input":{"@type":"PropertyValueSpecification","valueRequired":true,"valueName":"search_term_string"}}],"inLanguage":"es-AR"},{"@type":"Organization","@id":"https:\/\/descargar.app\/#organization","name":"Descargar App","url":"https:\/\/descargar.app\/","logo":{"@type":"ImageObject","inLanguage":"es-AR","@id":"https:\/\/descargar.app\/#\/schema\/logo\/image\/","url":"https:\/\/descargar.app\/wp-content\/uploads\/2019\/03\/logo-descargarapphome-1.png","contentUrl":"https:\/\/descargar.app\/wp-content\/uploads\/2019\/03\/logo-descargarapphome-1.png","width":350,"height":70,"caption":"Descargar App"},"image":{"@id":"https:\/\/descargar.app\/#\/schema\/logo\/image\/"}}]}},"uagb_featured_image_src":{"full":false,"thumbnail":false,"medium":false,"medium_large":false,"large":false,"1536x1536":false,"2048x2048":false},"uagb_author_info":{"display_name":"admin","author_link":"https:\/\/descargar.app\/arg\/author\/admin\/"},"uagb_comment_info":0,"uagb_excerpt":"mejores APPS de las casas de apuestas Disponibles en Argentina Jug\u00e1 desde tu dispositivo m\u00f3vil con las mejores Apps de Apuestas Deportivas y juegos de Casino disponibles para usuarios argentinos. Las grandes casas disponibles en el pa\u00eds ofrecen grandes servicios para que puedas divertirte en cualquier momento y cualquier lugar. Recuerda hacerlo con responsabilidad y&hellip;","_links":{"self":[{"href":"https:\/\/descargar.app\/arg\/wp-json\/wp\/v2\/pages\/32071","targetHints":{"allow":["GET"]}}],"collection":[{"href":"https:\/\/descargar.app\/arg\/wp-json\/wp\/v2\/pages"}],"about":[{"href":"https:\/\/descargar.app\/arg\/wp-json\/wp\/v2\/types\/page"}],"author":[{"embeddable":true,"href":"https:\/\/descargar.app\/arg\/wp-json\/wp\/v2\/users\/1"}],"replies":[{"embeddable":true,"href":"https:\/\/descargar.app\/arg\/wp-json\/wp\/v2\/comments?post=32071"}],"version-history":[{"count":10,"href":"https:\/\/descargar.app\/arg\/wp-json\/wp\/v2\/pages\/32071\/revisions"}],"predecessor-version":[{"id":53297,"href":"https:\/\/descargar.app\/arg\/wp-json\/wp\/v2\/pages\/32071\/revisions\/53297"}],"wp:attachment":[{"href":"https:\/\/descargar.app\/arg\/wp-json\/wp\/v2\/media?parent=32071"}],"curies":[{"name":"wp","href":"https:\/\/api.w.org\/{rel}","templated":true}]}}